ase 4) to base 10.
911596
What is 4021431 (base 6) in base 4?
232102123
Convert -2002111002000 (base 3) to base 5.
-241034104
111110121221 (base 3) to base 4
1000231330
Convert -12203020203 (base 4) to base 5.
-414414041
What is -162326 (base 8) in base 11?
-40017
278b6 (base 14) to base 2
10111110111101000
What is 96b7a (base 13) in base 4?
1002130333
Convert 233689 (base 12) to base 10.
566025
What is 1352204 (base 9) in base 10?
743017
Convert 12110001111 (base 3) to base 8.
321303
What is 555047 (base 8) in base 4?
231220213
What is -101100000101001101 (base 2) in base 11?
-113723
What is -34570673 (base 8) in base 16?
-72f1bb
What is 70704 (base 12) in base 10?
146164
What is 11000010101100000111100 (base 2) in base 15?
8603a5
What is a2dc5 (base 14) in base 2?
1011111110010110001
What is -42143 (base 13) in base 11?
-81337
1113150305 (base 6) to base 12
40bb395
What is -33313231221 (base 4) in base 2?
-1111110111101101101001
Convert 100000100110001011 (base 2) to base 5.
13233030
823d38 (base 14) to base 4
100233311232
16152076 (base 9) to base 14
10dd1d2
1942392 (base 11) to base 6
154205422
-75128 (base 14) to base 9
-471013
Convert -b6d3bb (base 16) to base 12.
-4019a77
-31402241 (base 5) to base 14
-6bacd
What is -4a019 (base 11) in base 8?
-214326
What is 4545656 (base 7) in base 15?
b2bc5
What is 452510 (base 7) in base 11?
55263
What is 570c63 (base 13) in base 10?
2058501
Convert 41023401 (base 6) to base 16.
11d979
-c526 (base 15) to base 13
-15c69
1513155 (base 7) to base 2
110010000110010011
-2101120011112 (base 3) to base 13
-356546
Convert -197673 (base 11) to base 12.
-127393
What is 2222100212111 (base 3) in base 10?
1581835
3389868 (base 10) to base 2
1100111011100110101100
-110000101111101001000 (base 2) to base 6
-54122412
-139240a (base 11) to base 10
-2389639
Convert -111120031133 (base 4) to base 14.
-a5c4b5
Convert 465873 (base 9) to base 10.
279921
What is -1411131031 (base 5) in base 4?
-31302130310
What is -af3c (base 16) in base 7?
-244534
What is 6076063 (base 9) in base 4?
30112301130
What is e259c3 (base 15) in base 16?
a40e5f
What is 21341412 (base 5) in base 9?
310334
What is -92051 (base 15) in base 16?
-70e73
114acd (base 14) to base 10
589357
b9b97b (base 15) to base 11
4aa3711
What is 10111001000010101 (base 2) in base 12?
469b1
What is 4329988 (base 11) in base 10?
7611843
Convert 659403 (base 13) to base 11.
1393450
What is -3566130 (base 7) in base 16?
-6eb8c
Convert 1001210210012 (base 3) to base 9.
1053705
-55200205 (base 6) to base 2
-110010010011111001101
Convert 11011000011011111 (base 2) to base 5.
12021230
What is -51c20b (base 13) in base 7?
-22151404
-564fd (base 16) to base 4
-1112103331
Convert -20125004 (base 6) to base 11.
-360276
11100101000001001001001 (base 2) to base 8
34501111
Convert 18651724 (base 9) to base 3.
122201201210211
Convert 8a644 (base 11) to base 9.
218881
What is -124174 (base 11) in base 8?
-576423
14533125 (base 7) to base 10
1386474
1547177 (base 12) to base 6
232413031
-3003013023 (base 4) to base 7
-6535653
Convert -110110101011111000100010 (base 2) to base 3.
-222222022122021
b367 (base 12) to base 10
19519
-321014352 (base 6) to base 16
-562d3c
Convert -203488 (base 12) to base 9.
-846635
What is 3240002043 (base 5) in base 8?
32414666
What is 4115341 (base 6) in base 8?
600455
-95071 (base 14) to base 5
-43001223
-20414042 (base 5) to base 2
-101001011110101001
-1307d (base 16) to base 11
-53623
-634260 (base 8) to base 11
-134688
What is -1111101101011110001 (base 2) in base 16?
-7daf1
What is 4d7d4 (base 16) in base 3?
121010101102
Convert 332e7 (base 15) to base 4.
213231223
What is -101112102210202 (base 3) in base 9?
-11472722
Convert 3a0327 (base 13) to base 10.
1400029
What is 36344236 (base 7) in base 12?
1101a51
What is 2577107 (base 8) in base 16?
afe47
What is 1001110110000001011 (base 2) in base 3?
121101111002
What is 7a40e (base 15) in base 11?
246322
24a19 (base 11) to base 16
8bfc
Convert 37b0c2 (base 14) to base 15.
27bb0d
What is -22022221011 (base 4) in base 9?
-5011653
What is 22313123 (base 4) in base 10?
44507
-130131300 (base 4) to base 15
-2482c
What is 3739c6 (base 15) in base 9?
4871026
What is 34212234 (base 5) in base 16?
4a3c5
What is -1202012020 (base 3) in base 8?
-103144
What is 3506540 (base 7) in base 6?
13225505
What is 10245a5 (base 11) in base 16?
1b9227
214a042 (base 11) to base 6
212533525
-2674b (base 12) to base 8
-147253
Convert -113285 (base 9) to base 6.
-1242552
2147207 (base 12) to base 16
606067
Convert 134a96 (base 12) to base 16.
4e012
11000000100011101001 (base 2) to base 13
217cc3
What is 10001100101100111 (base 2) in base 12?
35833
-26b866 (base 12) to base 14
-12a11c
Convert 8602d (base 16) to base 2.
10000110000000101101
Convert 10111001011000110 (base 2) to base 7.
543505
What is -1014213020 (base 5) in base 12?
-853a42
-1417254 (base 13) to base 7
-105012366
What is -865193 (base 12) in base 9?
-3886473
Convert -92391 (base 10) to base 3.
-11200201220
Convert 1101111111000111 (base 2) to base 5.
3313122
Convert 1485a (base 13) to base 5.
2220101
-515203011 (base 6) to base 2
-100010000011100100001111
-110828 (base 10) to base 3
-12122000202
What is -2241 (base 10) in base 15?
-9e6
What is -4b516a (base 12) in base 3?
-2022121101101
3200312213 (base 4) to base 11
579a62
Convert -2220201100122 (base 3) to base 4.
-11322101021
What is -19660b8 (base 14) in base 5?
-11212221244
701386 (base 9) to base 6
12514253
Convert -16758228 (base 10) to base 2.
-111111111011010111010100
What is 1020223122 (base 4) in base 10?
297690
Convert -255411 (base 7) to base 4.
-23212302
Convert -312146 (base 8) to base 3.
-12021000022
What is -2023421 (base 5) in base 3?
-1200020201
-95481 (base 16) to base 4
-2111102001
What is 231335 (base 8) in base 9?
128675
What is 3320b2 (base 12) in base 7?
6622130
Convert -3413400 (base 6) to base 12.
-84260
Convert 1011101100110000101100 (base 2) to base 6.
145422420
What is -50862 (base 11) in base 8?
-221001
Convert -40b240 (base 14) to base 7.
-24355210
What is 390886 (base 10) in base 2?
1011111011011100110
Convert 1346608 (base 9) to base 13.
1cb8c0
Convert -122102101101 (base 3) to base 13.
-c0109
-33014514 (base 6) to base 10
-982126
What is -1011001001010100011 (base 2) in base 12?
-15742b
-1882 (base 13) to base 4
-321013
-52b69 (base 12) to base 8
-324401
What is aa9aa (base 11) in base 4?
213102201
Convert -136 (base 8) to base 5.
-334
-352069 (base 10) to base 6
-11313541
-12813263 (base 9) to base 11
-36317aa
1a3311 (base 11) to base 14
818d7
What is -222775 (base 11) in base 13?
-c575a
1034651 (base 8) to base 16
439a9
Convert 1316120 (base 7) to base 16.
2a230
102202301333 (base 4) to base 6
252104515
Convert 3276 (base 8) to base 9.
2327
1033011 (base 4) to base 3
20221110
Convert 1020000212220 (base 3) to base 7.
5345403
What is -7c9e (base 16) in base 5?
-2010102
-113200023 (base 4) to base 9
-156043
What is -15797 (base 11) in base 4?
-11123221
What is 14505 (base 8) in base 10?
6469
Convert -1b0765 (base 12) to base 13.
-139763
What is 41243124 (base 5) in base 9?
563605
24324430 (base 5) to base 4
320021212
What is -81ab21 (base 16) in base 15?
-b2cda3
-23015 (base 10) to base 14
-855d
Convert -14413431 (base 5) to base 14.
-402d3
1011010011111001110 (base 2) to base 9
624370
7988a (base 11) to base 7
660554
What is -1001041 (base 6) in base 3?
-2101022221
-413842 (base 10) to base 8
-1450222
160087 (base 11) to base 9
418487
What is 36186 (base 14) in base 5?
13211101
Convert 110010110110000011000 (base 2) to base 16.
196c18
531572 (base 9) to base 12
132b3b
What is -10215a (base 12) in base 10?
-252502
What is -20121202102110 (base 3) in base 11?
-1a93523
What is -455082 (base 9) in base 4?
-1002211100
Convert -31322011123 (base 4) to base 10.
-3645787
-12324301 (base 5) to base 9
-203353
Convert -235102044 (base 7) to base 14.
-1d22c5b
915028 (base 11) to base 9
2681475
Convert -293dd6 (base 16) to base 10.
-2702806
-11244333 (base 5) to base 11
-70501
Convert 2fe88 (base 16) to base 8.
577210
Convert -104d602 (base 15) to base 4.
-230121121100
22311232320 (base 4) to base 14
53d784
What is 69bdb4 (base 14) in base 11?
2042a19
Convert 21c51 (base 14) to base